- 13. What is the units digit of -3*1*t/m?
3
Let c(n) = -n**3 - 2*n**2 - 2*n. Let v be c(-2). Suppose 0 = -0*u + v*u - 16. Suppose -3 + 31 = u*d. What is the units digit of d?
7
Suppose 63 = 4*a + c, 0 = -a + 3*c - 2*c + 22. Let i = -1 - -3. Suppose -4*s - i*b = -22, s = 3*s + 3*b - a. What is the units digit of s?
4
Suppose 4*f = 24 - 4. Let u(w) = 2*w**2 - 6*w - 3. What is the units digit of u(f)?
7
Let q be 2/6 - (-11)/3. Suppose 1 - 37 = q*h. Let z = -2 - h. What is the units digit of z?
7
Suppose -3*r = -6*r + 108. Suppose 5*g = g + r. What is the units digit of g?
9
What is the units digit of (2 - 3)*(-21 + 4)?
7
Suppose 41 = -j - 32. Let n = j + 104. What is the units digit of n?
1
Let d(w) = -w**3 + 9*w**2 + 11*w - 8. What is the units digit of d(10)?
2
What is the units digit of 15/2*80/25?
4
Let k = 39 + -6. Suppose a - 4*p = 3 - 0, -4*p = -3*a + k. What is the tens digit of a?
1
Let q(o) = -30*o + 4. What is the tens digit of q(-2)?
6
Let t be ((-6)/5)/(6/(-20)). Suppose -t*k = k - 10. What is the units digit of k?
2
Let h(s) = s**2 - 7. Suppose 0*r - 4*r = -36. Let z(w) = w**2 - 3. Let x(t) = r*z(t) - 4*h(t). What is the units digit of x(-1)?
6
Let t be (-3)/12*6*-4. Suppose -t = -5*m + 4. What is the units digit of m?
2
Let w be -1 + 2 - -2*1. Suppose w*y = -y + 8. Suppose -y - 38 = -5*j. What is the units digit of j?
8
Suppose -3*x + 12 = 3*z + 2*z, -2*z = 0. Suppose -x*q + 9*q - 55 = 0. What is the units digit of q?
1
Let u = 9 + -6. Suppose n + 30 = -4*n. Let o = u - n. What is the units digit of o?
9
Let j = -1 + 3. Suppose 5*d - j = 3. What is the units digit of d?
1
Let r be 10*((-21)/(-6) + -3). Suppose 0*y + r*y = 25. What is the units digit of y?
5
Let b = 18 - -7. What is the units digit of b?
5
Let z = 17 + 0. Suppose -4*x + z = -7. What is the units digit of x?
6
Suppose -g = 2*u + 2*g, 4*u - 44 = 5*g. What is the units digit of u?
6
Let f = 17 + -9. Suppose 10*h - 46 = f*h. What is the units digit of h?
3
Let v(f) = f**2 - 6*f + 7. Let j(n) = -n - 1. Let m(y) = y**2 - 6*y - 1. Let u(d) = -4*j(d) + m(d). Let r be u(3). What is the units digit of v(r)?
7
Suppose -13*g + 8*g = -20. Suppose 0 = -r + g - 1. What is the units digit of r?
3
Let f(k) = k**2 + 2*k**2 + 2 - 3*k - 2*k**2 - 4. Let p be f(6). Suppose -4*r + 4 = -p. What is the units digit of r?
5
What is the units digit of ((-8)/3 + 2)*(13 - 16)?
2
Let q = -3 + 2. Let r = 2 + q. What is the units digit of r?
1
Let a = 15 - 5. Suppose 0 = 4*y - 2*y - a. What is the units digit of y?
5
Let s(l) = -2*l**3 + l**2 + 2*l + 1. Let o be s(-1). Let b(q) = 2 + 1 - q**o + 0*q**2. What is the units digit of b(0)?
3
Let j = -10 + 31. What is the tens digit of j?
2
Suppose -6 = -3*x + 24. What is the tens digit of x?
1
Suppose 10 = 5*i + 85. Let k(a) = a**3 + 8*a**2 + 3*a - 6. Let u be k(-8). Let l = i - u. What is the units digit of l?
5
Suppose -1515 = -5*j - 10*j. What is the units digit of j?
1
Let a(l) = 2*l**2 - 1 - l**3 - 3*l**2 + 4*l + 0*l. Let n be a(-3). Suppose -54 = -4*i - n*f, 5*i - 4*i = -4*f + 8. What is the units digit of i?
6
Let p(h) = -h**3 - 5*h**2 - 4*h. Let k be p(-4). Let w = -27 - -32. Suppose w*l + 83 = 4*b + 2*l, -3*l - 15 = k. What is the units digit of b?
7
What is the tens digit of (80/28)/((-2)/(-14))?
2
Let w be 4*(-1)/(8/(-6)). Let n(s) = 4*s**2 - 2*s - 3. What is the units digit of n(w)?
7
Suppose -2*v - 2*v = 0. What is the tens digit of (v - 5)*6/(-2)?
1
Let z(n) be the third derivative of n**4/12 + 3*n**3/2 + 3*n**2. What is the tens digit of z(9)?
2
Let a = 4 + -11. Let f = a - -12. What is the units digit of f?
5
Let k(t) = t**2 - 2*t - 3. Let a be k(-2). Suppose 0 = 4*b - 15 - 1. Suppose -a*v + b + 21 = 0. What is the units digit of v?
5
Suppose 3*i = 5*i - 14. What is the units digit of i?
7
Let o(c) = 6*c + 4. What is the tens digit of o(8)?
5
Let f(c) = 2*c - 4. What is the units digit of f(3)?
2
What is the tens digit of (-17654)/(-105) + ((-34)/30 - -1)?
6
Let z(d) = d**3 - 5*d**2 + 5*d - 2. Let i be z(4). Suppose -2*f = -5*j + 89, 2*j - 2*f = 4*j - 30. Suppose -3*y + j = -i*y. What is the units digit of y?
7
Suppose 0 = -29*j + 26*j + 276. What is the units digit of j?
2
Suppose 157 + 9 = 2*u. What is the units digit of u?
3
Let a(x) = x**3 - 3*x**2 - 8*x - 1. What is the units digit of a(6)?
9
Let j(t) = -t**3 - 9*t**2 - 7*t + 5. Let i be j(-8). What is the units digit of i/7 - (-890)/35?
5
Let k(u) = -37*u - 1. Let f be k(-1). Suppose 3*z = 2*w - 20, -6*w + 4*w - 5*z = -f. What is the tens digit of w?
1
Let b(m) = 3*m - 3. Let h be b(4). Suppose 4*r = 5*r - h. What is the units digit of r?
9
Suppose 2*i - 2*g - 6 = -i, 0 = 5*i + 4*g - 10. Suppose -5*y + w + 2*w + 27 = 0, -i*w = -4*y + 20. What is the units digit of 8 - -1 - (-1 + y)?
7
Let n = -1 + 4. Let c be (2*n/(-6))/(-1). Let i(t) = 3*t**2 + 2*t - 1. What is the units digit of i(c)?
4
What is the tens digit of -4 - (139 + -1)/(-6)?
1
What is the tens digit of 55/2 - (-10)/20?
2
Let m = 28 + -12. What is the units digit of m?
6
Suppose 0 = -6*m - 15 - 9. What is the units digit of 5/20 + (-183)/m?
6
Suppose 4*u - 3 = 5. Suppose 8 = u*k - 0*k. Suppose 4*g = 10 + 10, -k*s - 3*g + 75 = 0. What is the units digit of s?
5
Let n = -8 - -13. Suppose 2*q + 2*k = 42, 4*k = -n*q + k + 97. What is the tens digit of q?
1
Let q(g) = g + 10. Let x be q(-7). Suppose -3*d - 4*z + 12 + 29 = 0, x*z + 27 = 3*d. What is the units digit of d?
1
Let m(a) = a - 8. Let f be m(8). Suppose -v - 7 = -4*p, 5 = 4*v - 8*p + 3*p. What is the units digit of (3 - 2)*(v + f)?
5
Let i = 175 + -109. What is the tens digit of i?
6
Suppose 2*x + 2*x = 64. What is the units digit of x?
6
Let o(g) = -g**3 - 3*g**2 - 2*g. Let h be o(-2). Let x(j) = j**3 - j**2 + j + 11. What is the units digit of x(h)?
1
Let z(q) be the first derivative of q**4/4 - 11*q**3/3 + 6*q**2 + q - 4. Let j(n) = n**3 + 2. Let w be j(2). What is the units digit of z(w)?
1
Let a(y) = 2*y + 4*y + 3*y - 2*y. What is the units digit of a(2)?
4
Let u = 15 + -11. What is the tens digit of 14 + -3 + (u - 2)?
1
Suppose -4*q - 4*u - 24 = 0, -2*u - 3 = 3. Let i = 2 - q. What is the units digit of i?
5
Suppose 2*p + 10 = 2*h, 0 - 12 = -4*h - 4*p. Let d be (-3)/12 - (-9)/h. Suppose 5*a - i + 6*i - 50 = 0, -d*i + 47 = 5*a. What is the units digit of a?
9
Let u = 5 - 3. Let b be 0 - 2 - 84/(-2). Suppose -u*g = 3*g - b. What is the units digit of g?
8
Suppose 4*b = w - 4*w + 24, -2*b - 10 = -4*w. Suppose 3*j - 43 = w*p, 4*j = -p + 17 + 34. What is the units digit of j?
3
Let u = 1 - -3. Let c(h) = 4*h**2 - 5*h**2 - 3*h - 4*h - u. What is the units digit of c(-5)?
6
Let i(r) = -r - 1. Let w(b) = 7*b + 2. Let m(u) = -5*i(u) - w(u). What is the tens digit of m(-6)?
1
Let t = -73 + 178. What is the hundreds digit of t?
1
Let g be (-3)/15 + 3/15. Suppose -p = -g - 17. What is the tens digit of p?
1
What is the units digit of (-3)/8 - 6202/(-112)?
5
Suppose -3*d = d + 236. Let i be 384/(-9) + 2/3. Let y = i - d. What is the tens digit of y?
1
Suppose 0*s - 205 = -5*s. What is the units digit of s?
1
Suppose 4*d - 5*d + 111 = 0. Suppose 6 = -5*a + d. What is the tens digit of a?
2
Suppose 1 = j + 4*r, -5*r + 2*r = -j + 8. Suppose -j*z - 25 = 0, z = -x - 0*x - 2. What is the units digit of x?
3
Let v(n) be the first derivative of n**3 + 3*n**2 - 4. What is the units digit of v(-4)?
4
Let g be (-9)/6*(-2 - -4). Let q(o) = -5*o - o + 2*o. What is the units digit of q(g)?
2
Suppose 0 = 7*z - 2*z - 3*d - 40, -z - 4*d - 15 = 0. Suppose 0*s = 2*s - 4*f + 44, z*s = -3*f - 84. What is the units digit of 3/(-6)*s + -1?
8
Let y be (11 - 3) + 0/3. Let o = 22 - y. What is the units digit of o?
4
Suppose -7*s - 3*z - 8 = -3*s, -2*s + 4*z = 4. Let p = s + 3. What is the units digit of (-3)/2*(-1 - p)?
3
Suppose 2*l + 12 = -40. Let b = -15 - l. Let s = 4 + b. What is the tens digit of s?
1
Let i(j) = 17*j**3 + j**2 - 2*j + 1. What is the units digit of i(1)?
7
Let w = 42 - 27. Let b be 146/(-10) + w/25. What is the units digit of (-4)/14 - 46/b?
3
Let l(s) = -7*s. Let t be l(1). Let g be 0 - (t - (-1)/(-1)). What is the units digit of -8*((-18)/g)/3?
6
Let h = 26 - -85. What is the units digit of h?
1
Let a(t) be the second derivative of t**4/4 + t**3/3 + t**2/2 - 7*t. What is